rs of 5700448?
2, 13, 71, 193
What are the prime factors of 193675?
5, 61, 127
What are the prime factors of 15220397?
101, 150697
List the prime factors of 15504165.
3, 5, 113, 3049
What are the prime factors of 307022?
2, 153511
What are the prime factors of 2516270?
2, 5, 31, 8117
What are the prime factors of 597595?
5, 107, 1117
List the prime factors of 72982.
2, 7, 13, 401
What are the prime factors of 266271?
3, 17, 23, 227
What are the prime factors of 82?
2, 41
List the prime factors of 13451958.
2, 3, 13, 57487
What are the prime factors of 1236513?
3, 412171
What are the prime factors of 140760?
2, 3, 5, 17, 23
What are the prime factors of 1550842?
2, 17, 45613
List the prime factors of 32457.
3, 31, 349
What are the prime factors of 269430?
2, 3, 5, 7, 1283
List the prime factors of 184085.
5, 11, 3347
List the prime factors of 666708.
2, 3, 7, 7937
What are the prime factors of 10839030?
2, 3, 5, 17, 53, 401
What are the prime factors of 229260?
2, 3, 5, 3821
What are the prime factors of 285001?
103, 2767
List the prime factors of 673636.
2, 168409
List the prime factors of 470922.
2, 3, 78487
What are the prime factors of 144204?
2, 3, 61, 197
What are the prime factors of 576060?
2, 3, 5, 9601
List the prime factors of 287375.
5, 11, 19
What are the prime factors of 7690567?
7690567
What are the prime factors of 5925005?
5, 457, 2593
What are the prime factors of 491355?
3, 5, 61, 179
What are the prime factors of 781456?
2, 13, 17
List the prime factors of 215334.
2, 3, 7, 1709
List the prime factors of 1308586.
2, 654293
List the prime factors of 20334379.
13, 1564183
List the prime factors of 14015756.
2, 3503939
What are the prime factors of 1564033?
113, 13841
What are the prime factors of 14661?
3, 181
What are the prime factors of 1333062?
2, 3, 31, 2389
What are the prime factors of 97972?
2, 7, 3499
What are the prime factors of 128474?
2, 64237
What are the prime factors of 1754688?
2, 3, 13, 19, 37
List the prime factors of 9165172.
2, 239, 9587
What are the prime factors of 4759654?
2, 29, 137, 599
List the prime factors of 385550.
2, 5, 11, 701
List the prime factors of 445763.
23, 19381
What are the prime factors of 1078626?
2, 3, 29, 6199
List the prime factors of 221049.
3, 2729
List the prime factors of 481626.
2, 3, 991
What are the prime factors of 10425313?
10425313
What are the prime factors of 397420?
2, 5, 31, 641
What are the prime factors of 403806?
2, 3, 13, 31, 167
What are the prime factors of 1539943?
1539943
List the prime factors of 544107.
3, 67, 2707
What are the prime factors of 1925079?
3, 13, 3797
What are the prime factors of 7217433?
3, 29, 27653
List the prime factors of 26652329.
11, 2422939
What are the prime factors of 224680?
2, 5, 41, 137
What are the prime factors of 62105?
5, 12421
What are the prime factors of 437503?
11, 31, 1283
List the prime factors of 10779733.
863, 12491
What are the prime factors of 868782?
2, 3, 29, 4993
List the prime factors of 6387995.
5, 191, 6689
List the prime factors of 20555821.
11, 13, 31, 4637
List the prime factors of 251966.
2, 11, 13, 881
What are the prime factors of 1315128?
2, 3, 37, 1481
List the prime factors of 284419.
37, 7687
List the prime factors of 18391544.
2, 19, 120997
List the prime factors of 357196.
2, 7, 12757
List the prime factors of 5535195.
3, 5, 369013
What are the prime factors of 4963006?
2, 2481503
What are the prime factors of 15813414?
2, 3, 292841
List the prime factors of 43547.
7, 6221
List the prime factors of 2110454.
2, 347, 3041
What are the prime factors of 485302?
2, 167, 1453
List the prime factors of 701344.
2, 7, 31, 101
List the prime factors of 383209.
37, 10357
List the prime factors of 261210.
2, 3, 5, 8707
What are the prime factors of 558067?
558067
List the prime factors of 10086.
2, 3, 41
List the prime factors of 629865.
3, 5, 13997
What are the prime factors of 518410?
2, 5, 47, 1103
List the prime factors of 72975.
3, 5, 7, 139
List the prime factors of 2254.
2, 7, 23
List the prime factors of 7955485.
5, 1591097
List the prime factors of 17683744.
2, 13, 42509
What are the prime factors of 699339?
3, 233113
List the prime factors of 3614736.
2, 3, 75307
List the prime factors of 516180.
2, 3, 5, 7, 1229
List the prime factors of 197657.
19, 101, 103
What are the prime factors of 1728440?
2, 5, 7, 6173
What are the prime factors of 20266304?
2, 316661
What are the prime factors of 4291719?
3, 59, 24247
What are the prime factors of 3074269?
11, 279479
List the prime factors of 466023.
3, 31, 5011
What are the prime factors of 397832?
2, 223
List the prime factors of 6170647.
7, 23, 38327
List the prime factors of 422244.
2, 3, 37, 317
What are the prime factors of 412352?
2, 17, 379
What are the prime factors of 3544299?
3, 11, 35801
List the prime factors of 26511.
3, 8837
List the prime factors of 570355.
5, 37, 3083
What are the prime factors of 1751866?
2, 875933
What are the prime factors of 562102?
2, 127, 2213
What are the prime factors of 101390?
2, 5, 10139
List the prime factors of 226453.
226453
List the prime factors of 2566529.
7, 29, 47, 269
List the prime factors of 10213685.
5, 17, 107, 1123
What are the prime factors of 2096183?
2096183
List the prime factors of 86623.
29, 103
What are the prime factors of 2581717?
179, 14423
What are the prime factors of 13046827?
1283, 10169
What are the prime factors of 7484066?
2, 3742033
List the prime factors of 488489.
557, 877
What are the prime factors of 500400?
2, 3, 5, 139
List the prime factors of 6194884.
2, 1548721
What are the prime factors of 315327?
3, 89, 1181
What are the prime factors of 1775342?
2, 887671
What are the prime factors of 36961114?
2, 31, 596147
What are the prime factors of 17690529?
3, 5896843
What are the prime factors of 76653?
3, 17, 167
List the prime factors of 105661.
157, 673
List the prime factors of 19175176.
2, 37, 64781
What are the prime factors of 151889?
67, 2267
What are the prime factors of 256808?
2, 47, 683
What are the prime factors of 173907?
3, 19, 113
List the prime factors of 218077.
218077
List the prime factors of 1169147.
7, 167021
List the prime factors of 261921.
3, 11, 7937
List the prime factors of 17186941.
1901, 9041
What are the prime factors of 35456?
2, 277
What are the prime factors of 3346865?
5, 443, 1511
List the prime factors of 737962.
2, 197, 1873
List the prime factors of 277895.
5, 55579
List the prime factors of 2825709.
3, 941903
List the prime factors of 119897.
47, 2551
List the prime factors of 2005534.
2, 1002767
List the prime factors of 10683334.
2, 5341667
What are the prime factors of 44085?
3, 5, 2939
List the prime factors of 9896958.
2, 3, 17, 10781
What are the prime factors of 450464?
2, 7, 2011
What are the prime factors of 221263?
7, 73, 433
List the prime factors of 1798748.
2, 7, 227, 283
List the prime factors of 3721482.
2, 3, 206749
List the prime factors of 2587358.
2, 193, 6703
List the prime factors of 260246.
2, 7, 29, 641
List the prime factors of 4155666.
2, 3, 107, 6473
What are the prime factors of 3054518?
2, 397, 3847
List the prime factors of 2711469.
3, 607, 1489
List the prime factors of 589299.
3, 37, 5309
List the prime factors of 697463.
13, 4127
What are the prime factors of 24324024?
2, 3, 1013501
List the prime factors of 30895718.
2, 7, 241, 9157
What are the prime factors of 18928969?
113, 127, 1319
List the prime factors of 2738543.
1459, 1877
What are the prime factors of 268264?
2, 33533
What are the prime factors of 143205?
3, 5, 9547
What are the prime factors of 25275796?
2, 7, 13, 69439
What are the prime factors of 17124109?
17124109
List the prime factors of 349114.
2, 173, 1009
What are the prime factors of 50984?
2, 6373
What are the prime factors of 56583?
3, 6287
What are the prime factors of 137834?
2, 68917
List the prime factors of 5131419.
3, 37, 46229
List the prime factors of 246799.
7, 35257
List the prime factors of 285166.
2, 7, 20369
What are the prime factors of 124382?
2, 62191
What are the prime factors of 89873?
7, 37, 347
What are the prime factors of 86264?
2, 41, 263
What are the prime factors of 1176681?
3, 11, 181, 197
What are the prime factors of 481859?
7, 19, 3623
List the prime f